reds digit of w(8)?
6
Let n(q) = -q**3 + 4*q**2 + 12*q + 3. Let r be n(6). Let b be 1 + 137 + 0 + 1. Suppose -r*h + b = 2*l + 3*l, 4*l = h + 101. What is the units digit of l?
6
Suppose 284 = 6*a - 1678. What is the units digit of a?
7
Let o(h) = 152*h - 2. What is the units digit of o(3)?
4
Suppose 9*i = 12*i - 876. Let h = i + -44. What is the tens digit of h?
4
Suppose 1536 = 4*t - 984. Suppose 5*j - 50 - t = 0. Suppose 0 = -7*d + 11*d - j. What is the tens digit of d?
3
What is the hundreds digit of -5*((-165)/(-33) - 3*63)?
9
Let p(g) = 60*g - 152. What is the hundreds digit of p(15)?
7
Let p = -886 + 1289. What is the units digit of p?
3
Suppose 0 = 3*o + 5*f - 23, -2*f - 17 + 1 = -3*o. Let z = 16 - 16. Suppose 0 = -z*r - o*r + 18. What is the units digit of r?
3
Suppose -4*x - 40 = 4. Let t = x + 11. What is the tens digit of t/(-2) - 3 - -13?
1
Let r(t) = -t**3 + 2*t**2 - 7*t + 3388. What is the hundreds digit of r(0)?
3
Suppose 55298 = 40*h + 3*h. What is the thousands digit of h?
1
Let a(r) = 531*r + 12. Let n be a(3). Suppose 10*k + 465 = n. What is the tens digit of k?
1
Suppose 2969 + 4797 = 11*j. What is the tens digit of j?
0
What is the tens digit of (83 - 165)*(-8 - (1 - 2))?
7
Let q be 820/28 + 4/(-14). Suppose 5*l - 4*l = q. What is the units digit of l?
9
Let q be (-2)/(-9) - (-3506)/18. Suppose -q = -4*m + 3*w - 8*w, -230 = -4*m + 2*w. Suppose 0 = -2*n, 5*l - n + 4*n - m = 0. What is the tens digit of l?
1
Let k(f) = -f**3 + f**2 + 2*f - 3. Let s be k(2). What is the tens digit of (-92)/(-3) - s/9?
3
Let m(p) = 23*p + 3. Let u be m(3). Suppose -u*c = -73*c + 31. What is the units digit of c?
1
Suppose -915 = -v + 3*h, -v = -2*h - 2*h - 911. What is the tens digit of v?
2
Let p(q) = -4*q**3 - 16*q**2 + 10*q. What is the hundreds digit of p(-6)?
2
Let o(i) = 35*i - 85. What is the units digit of o(18)?
5
Let n = 432 - -401. What is the units digit of n?
3
Let g(p) = -9*p**3 + 4*p**2 - 62*p - 343. What is the tens digit of g(-5)?
9
Let f(k) = 3*k**2 + 2*k + 7. Let s(m) = -4*m**2 - m - 7. Let o(a) = -2*f(a) - 3*s(a). What is the units digit of o(4)?
9
Let f = -49 - -52. Suppose f*m + 3*s - 765 = 0, -5*m - 2*s = -3*s - 1281. What is the units digit of m?
6
Let t(u) = -25*u - 42. Let a = 74 + -83. What is the tens digit of t(a)?
8
Let z = 32 - 28. Suppose -5*a + 79 = j, -3*j - 5*a - z = -211. What is the units digit of j?
4
Let p = -337 + 469. What is the hundreds digit of p?
1
Suppose 3*g = -19*s + 14*s + 21520, -g - 5 = 0. What is the units digit of s?
7
Let q(b) = b**2 + 21*b - 9. Let t be q(-22). Suppose -t*o + o + 720 = 0. What is the units digit of o?
0
Let u be ((-64)/10)/((-2)/20). Suppose b - u + 2 = 0. What is the tens digit of b?
6
Let q(m) = m**3 + 16*m**2 + 4*m - 4. What is the tens digit of q(-11)?
5
Suppose 4*l + 4*i - 4664 = 0, -6*l - 2*i = -2*l - 4668. What is the units digit of l?
8
Suppose -45*d + 11657 = -42*d - x, -7772 = -2*d + x. What is the tens digit of d?
8
Let h = 243 - 103. Suppose -20 - h = -4*o. What is the tens digit of o?
4
Suppose -4*m = -8, 4*z + 3*m = 6*m + 21538. What is the units digit of z?
6
Suppose -4*p = -p. Suppose -3 = 2*t - p*t + l, 0 = 4*t - 3*l - 19. What is the units digit of (22/6)/(t/9)?
3
Let d be (57/18 - 3) + (-46)/(-12). Suppose -j + d*c = 3*j - 48, -c - 21 = -2*j. What is the units digit of j?
9
Let y(f) = -f**3 + 13*f**2 + 2*f - 4. Let h be y(6). Suppose 3*r + r = h. What is the units digit of r?
5
Let m be 90/24 + (-1)/(-4). Let c(o) = 2*o**3 - 11*o**2 - m*o**3 + o**3 + 11*o. What is the tens digit of c(-12)?
1
Let q be 0/3*1/(-2). Suppose q = 3*c + 10 - 151. What is the tens digit of c?
4
Let w(x) = x**3 - 23*x**2 - 13*x - 785. What is the thousands digit of w(29)?
3
Suppose -5*w + 8*w = 177. Let u(j) = j**3 - 3*j**2 + 3*j - 9. Let m be u(3). Suppose m = 13*p - 12*p - w. What is the tens digit of p?
5
Suppose 1384 = 2*c - 4142. What is the tens digit of c?
6
What is the thousands digit of 2/(-18) - 732175/(-225)?
3
Suppose 0 = 4*w - 2*a - 362, -199 = -2*w - 4*a - a. Let f = 4 - -1. Suppose -f*z = 2*l - 2*z - 24, 0 = 4*l - 5*z - w. What is the units digit of l?
8
Let g(f) = -2*f**3 + 6*f**2 - 6*f + 4. Let t be g(4). Let r be (5 - (-183)/(-1))/(2/(-1)). Let p = r + t. What is the tens digit of p?
3
Suppose m = -3*y - m + 2, -m + 6 = -y. What is the tens digit of y/((-203)/67 + (-1 - -4))?
6
Suppose -5*i - 8310 = 5*a - 33865, 3*i - 15330 = -4*a. What is the hundreds digit of i?
1
What is the hundreds digit of (-14)/(-28) - (-6)/8*134?
1
Let w(l) = -l**2 - 7*l + 2. Let a be w(-5). Suppose v - a = 3. Suppose -115 - v = -5*o. What is the tens digit of o?
2
Suppose v = -3*v + 4*r - 160, -3*v - 112 = -5*r. Let l = 24 + v. What is the units digit of 1 + l/(-8)*12?
1
Let p(f) = -f**3 - 33*f**2 - 69*f + 97. What is the units digit of p(-31)?
4
What is the hundreds digit of 236*(-1528)/(-96) - (-2)/3?
7
Let r(y) = y**2 - 7*y - 2. Let t be r(9). Let b(d) = d + 12. Let q be b(0). Let j = t - q. What is the units digit of j?
4
Suppose 0 = -0*a - 3*a + d + 1980, -4*a + 2630 = 2*d. What is the hundreds digit of a?
6
Let t(d) = 5*d**2 + 15*d - 12. What is the hundreds digit of t(-13)?
6
Suppose -4*n - 2575 = -5*n - d, 4*d = -n + 2560. Suppose -9*k + 435 = -n. What is the units digit of k?
5
What is the tens digit of 13522/10 - 108/(-135)?
5
Let n = -4015 + 7234. What is the units digit of n?
9
Suppose 4*v - 3*v + 3*s - 853 = 0, -5*v + 4279 = s. What is the hundreds digit of v?
8
Let w(u) = u**2 - 11*u - 8. Let r(s) = 6*s**2 - 56*s - 39. Let m(v) = -2*r(v) + 11*w(v). Let p be m(-7). Suppose -p*n - 17 = -65. What is the units digit of n?
2
Suppose -4*v = 5*q - 3788, -4*q + 221 = 2*v - 2813. What is the units digit of q?
0
Suppose 12*l - 632 = 136. What is the tens digit of l?
6
Let m(d) = 6*d**2 - 14*d - 215. What is the hundreds digit of m(-13)?
9
Let g = -39 - -42. Suppose g*j - j = 244. What is the units digit of j?
2
Let p(o) = o**3 + o**2 - o. Let u(i) = -i**3 + i + 3. Let c be u(0). Suppose x = -2*x - c. What is the units digit of p(x)?
1
Suppose 3*h + 2*h = 150. Suppose -87 + h = -3*n. Let v = n - 9. What is the tens digit of v?
1
Let g(n) = -n**2 + 16*n + 17. Suppose 0 = -a - a + 6. Suppose 0 = -5*x - a*v + 69, 3*x + 8 - 63 = 5*v. What is the units digit of g(x)?
2
Let d(p) = p**2 + 7*p - 4. Let f be d(-8). Let l = -12 + f. What is the tens digit of ((-40)/(-6))/(l/(-36))?
3
Let h be -2*2/8 - 6/(-4). Suppose -2*g + 234 = -5*n, -2*g + n + h = -225. What is the tens digit of g?
1
Suppose 36 = 10*c - 7*c. Let a be ((-3)/(-9))/((-2)/(-18)). What is the units digit of 25/a - c/(-18)?
9
Let c be 12/(-1 + 0 + 2). Suppose 0 = -3*u - 3*k - c, 2 = -4*u - 5*k - 19. Suppose -6*j + u = -5*j. What is the units digit of j?
1
Suppose 39 = 3*o + 12. Let y(j) = -j**2 + 11*j - 13. Let f be y(o). Suppose -f*l + 9*l = 108. What is the units digit of l?
7
Let q = -388 - -1903. What is the thousands digit of q?
1
Suppose 13*x - 175 = 2880. What is the units digit of x?
5
Suppose -53*l + 16824 = -41*l. What is the units digit of l?
2
Suppose 3*q = 7 - 37. Let u be q/(-4)*8/5. Suppose 0 = n - u - 7. What is the units digit of n?
1
Suppose 3*u - 5*y - 7 = 2*u, -5*y = 3*u - 1. Suppose 2*a + u*q = -a + 158, 2*q + 242 = 5*a. What is the tens digit of a?
5
Let y(k) = 6*k - 32 + 30 + 5*k + k. What is the tens digit of y(1)?
1
Let a = -6078 + 11133. What is the units digit of (-6)/14 - -1 - a/(-35)?
5
Let v(d) = -d**2 + 11*d - d - 9 - d. Let w be v(8). What is the tens digit of (-4)/w + (-138)/(-6)?
2
What is the hundreds digit of 7 - (-136 - -6) - 0/2?
1
Suppose -2*t + 788 + 732 = 0. What is the hundreds digit of t?
7
Let i(y) = y**2 + 9*y - 3. Let v be (-1)/(1/(-8)*2). Suppose -5*l - 4*s - 55 = 0, -v*l - 24 = -5*s + 20. What is the units digit of i(l)?
9
Let f be 0 - ((3 + -15)/2 - -3). Suppose -f*a - 76 = -7*a. What is the units digit of a?
9
Let v(u) = 25*u + 1 - 27*u + 11. Let j be 2/(-6)*(45 - 21). What is the units digit of v(j)?
8
Let m(n) be the second derivative of 0 - 5/6*n**3 - 3*n - 2*n**2. What is the tens digit of m(-8)?
3
Let f(x) = -x**3 - 7*x**2 - 5*x. Let w(l) be the first derivative of l**4/2 + 3*l**3 - 2*l**2 - 2*l - 8. Let c be w(-5). What is the tens digit of f(c)?
3
Suppose 35 + 57 = 4*y